6.
2, 8693
What are the prime factors of 122179?
17, 7187
List the prime factors of 9906.
2, 3, 13, 127
What are the prime factors of 76947?
3, 13, 1973
List the prime factors of 2112.
2, 3, 11
What are the prime factors of 12515?
5, 2503
List the prime factors of 1781.
13, 137
What are the prime factors of 6954?
2, 3, 19, 61
What are the prime factors of 48477?
3, 11, 13, 113
List the prime factors of 175.
5, 7
List the prime factors of 1102.
2, 19, 29
List the prime factors of 3946.
2, 1973
What are the prime factors of 4309?
31, 139
What are the prime factors of 1241?
17, 73
List the prime factors of 2709.
3, 7, 43
List the prime factors of 2220.
2, 3, 5, 37
What are the prime factors of 845?
5, 13
What are the prime factors of 6697?
37, 181
List the prime factors of 16017.
3, 19, 281
What are the prime factors of 22740?
2, 3, 5, 379
What are the prime factors of 24466?
2, 13, 941
List the prime factors of 17938.
2, 8969
List the prime factors of 4611.
3, 29, 53
List the prime factors of 15157.
23, 659
What are the prime factors of 9509?
37, 257
List the prime factors of 3445.
5, 13, 53
What are the prime factors of 4254?
2, 3, 709
What are the prime factors of 5017?
29, 173
What are the prime factors of 20394?
2, 3, 11, 103
What are the prime factors of 136937?
37, 3701
List the prime factors of 10877.
73, 149
List the prime factors of 292.
2, 73
What are the prime factors of 145711?
19, 7669
List the prime factors of 1745.
5, 349
What are the prime factors of 26126?
2, 13063
What are the prime factors of 13196?
2, 3299
What are the prime factors of 12281?
12281
What are the prime factors of 5810?
2, 5, 7, 83
List the prime factors of 10457.
10457
What are the prime factors of 11098?
2, 31, 179
List the prime factors of 253.
11, 23
What are the prime factors of 16930?
2, 5, 1693
List the prime factors of 40199.
61, 659
What are the prime factors of 12273?
3, 4091
List the prime factors of 3817.
11, 347
What are the prime factors of 16796?
2, 13, 17, 19
List the prime factors of 149398.
2, 74699
What are the prime factors of 5176?
2, 647
What are the prime factors of 655?
5, 131
List the prime factors of 6053.
6053
List the prime factors of 90581.
239, 379
List the prime factors of 805.
5, 7, 23
What are the prime factors of 1814?
2, 907
What are the prime factors of 3583?
3583
List the prime factors of 3375.
3, 5
What are the prime factors of 57169?
7, 8167
List the prime factors of 1902.
2, 3, 317
What are the prime factors of 21829?
83, 263
List the prime factors of 1029.
3, 7
What are the prime factors of 20?
2, 5
What are the prime factors of 1397?
11, 127
List the prime factors of 14308.
2, 7, 73
List the prime factors of 152776.
2, 13, 113
What are the prime factors of 10248?
2, 3, 7, 61
List the prime factors of 126179.
19, 29, 229
List the prime factors of 1672.
2, 11, 19
List the prime factors of 129.
3, 43
List the prime factors of 3981.
3, 1327
List the prime factors of 2337.
3, 19, 41
List the prime factors of 49058.
2, 19, 1291
What are the prime factors of 4394?
2, 13
What are the prime factors of 1151?
1151
List the prime factors of 14400.
2, 3, 5
What are the prime factors of 914?
2, 457
List the prime factors of 568.
2, 71
What are the prime factors of 2630?
2, 5, 263
What are the prime factors of 980?
2, 5, 7
What are the prime factors of 51535?
5, 11, 937
List the prime factors of 2724.
2, 3, 227
What are the prime factors of 450?
2, 3, 5
List the prime factors of 21937.
21937
What are the prime factors of 51933?
3, 7, 2473
List the prime factors of 1390.
2, 5, 139
List the prime factors of 2208.
2, 3, 23
What are the prime factors of 68342?
2, 34171
What are the prime factors of 25385?
5, 5077
What are the prime factors of 38290?
2, 5, 7, 547
List the prime factors of 3332.
2, 7, 17
List the prime factors of 34936.
2, 11, 397
List the prime factors of 115219.
13, 8863
What are the prime factors of 4164?
2, 3, 347
What are the prime factors of 15?
3, 5
What are the prime factors of 37859?
17, 131
What are the prime factors of 32005?
5, 37, 173
List the prime factors of 372.
2, 3, 31
What are the prime factors of 963?
3, 107
List the prime factors of 5533.
11, 503
What are the prime factors of 583?
11, 53
List the prime factors of 4772.
2, 1193
What are the prime factors of 3993?
3, 11
What are the prime factors of 1531?
1531
List the prime factors of 8564.
2, 2141
List the prime factors of 12728.
2, 37, 43
List the prime factors of 129437.
7, 11, 41
What are the prime factors of 152108?
2, 11, 3457
List the prime factors of 37.
37
What are the prime factors of 40466?
2, 20233
What are the prime factors of 40390?
2, 5, 7, 577
List the prime factors of 1078.
2, 7, 11
What are the prime factors of 20791?
17, 1223
What are the prime factors of 37690?
2, 5, 3769
List the prime factors of 81838.
2, 17, 29, 83
List the prime factors of 6074.
2, 3037
What are the prime factors of 133313?
29, 4597
List the prime factors of 29369.
43, 683
List the prime factors of 742.
2, 7, 53
What are the prime factors of 1077?
3, 359
List the prime factors of 3892.
2, 7, 139
What are the prime factors of 23150?
2, 5, 463
What are the prime factors of 20295?
3, 5, 11, 41
What are the prime factors of 1740?
2, 3, 5, 29
List the prime factors of 25938.
2, 3, 11, 131
What are the prime factors of 3179?
11, 17
List the prime factors of 5214.
2, 3, 11, 79
List the prime factors of 774.
2, 3, 43
What are the prime factors of 609?
3, 7, 29
List the prime factors of 82900.
2, 5, 829
What are the prime factors of 4952?
2, 619
What are the prime factors of 798?
2, 3, 7, 19
List the prime factors of 851.
23, 37
List the prime factors of 727.
727
What are the prime factors of 11163?
3, 61
List the prime factors of 7661.
47, 163
What are the prime factors of 78114?
2, 3, 47, 277
What are the prime factors of 5957?
7, 23, 37
List the prime factors of 26482.
2, 13241
What are the prime factors of 129648?
2, 3, 37, 73
What are the prime factors of 3854?
2, 41, 47
What are the prime factors of 5094?
2, 3, 283
What are the prime factors of 150?
2, 3, 5
List the prime factors of 5055.
3, 5, 337
What are the prime factors of 46378?
2, 23189
What are the prime factors of 12775?
5, 7, 73
What are the prime factors of 3716?
2, 929
List the prime factors of 25462.
2, 29, 439
What are the prime factors of 10307?
11, 937
List the prime factors of 1142.
2, 571
List the prime factors of 3359.
3359
List the prime factors of 132540.
2, 3, 5, 47
List the prime factors of 9883.
9883
List the prime factors of 450.
2, 3, 5
List the prime factors of 28083.
3, 11, 23, 37
What are the prime factors of 31165?
5, 23, 271
What are the prime factors of 1648?
2, 103
List the prime factors of 8770.
2, 5, 877
What are the prime factors of 58371?
3, 19457
List the prime factors of 31190.
2, 5, 3119
List the prime factors of 3373.
3373
What are the prime factors of 1319?
1319
List the prime factors of 1560.
2, 3, 5, 13
What are the prime factors of 8983?
13, 691
List the prime factors of 1397.
11, 127
What are the prime factors of 15527?
15527
What are the prime factors of 2948?
2, 11, 67
What are the prime factors of 235?
5, 47
List the prime factors of 74628.
2, 3, 691
What are the prime factors of 1365?
3, 5, 7, 13
What are the prime factors of 32730?
2, 3, 5, 1091
List the prime factors of 47738.
2, 23869
What are the prime factors of 10712?
2, 13, 103
List the prime factors of 4015.
5, 11, 73
List the prime factors of 14172.
2, 3, 1181
List the prime factors of 727.
727
What are the prime factors of 9161?
9161
What are the prime factors of 113?
113
What are the prime factors of 16171?
103, 157
What are the prime factors of 554?
2, 277
What are the prime factors of 2511?
3, 31
What are the prime factors of 1440?
2, 3, 5
List the prime factors of 904.
2, 113
List the prime factors of 5911.
23, 257
What are the prime factors of 1874?
2, 937
List the prime factors of 4931.
4931
What are the prime factors of 6116?
2, 11, 139
What are the prime factors of 3841?
23, 167
List the prime factors of 14125.
5, 113
List the prime factors of 77365.
5, 15473
List the prime factors of 7619.
19, 401
What are the prime factors of 103719?
3, 7, 11, 449
What are the prime factors of 15213?
3, 11, 461